nder when 19 is divided by z.
9
Let z = -1365 - -1409. Let x(i) = 5*i**2 + 2*i - 1. What is the remainder when z is divided by x(-2)?
14
Let f be ((-1)/(-3))/(21/(-63)). Calculate the remainder when 39 is divided by (f - (-459)/21) + 6/42.
18
Suppose -19*i + 18 = -22*i. Let l(p) = -2*p**2 - 3*p - 16. Let a be l(i). Let j = 85 + a. What is the remainder when 28 is divided by j?
13
Let h = -32040 + 32273. What is the remainder when h is divided by 78?
77
Let f = 2095 + -2076. Calculate the remainder when 4094 is divided by f.
9
Calculate the remainder when (-33)/(2/1*21/(-294)) is divided by -47*(2 - 6/2).
43
Let d = -1010 - -1014. What is the remainder when 4 + (1 - (2 + -1)) is divided by d?
0
Let u = -71 + 71. Suppose 10*c - 237 + 37 = u. What is the remainder when c is divided by 11?
9
Let p(g) = 139*g + 7304. Calculate the remainder when p(-49) is divided by 16.
13
Let f(r) = -6*r + 276. What is the remainder when 10 is divided by f(45)?
4
Suppose -110*u + 2482 = -488. What is the remainder when 6504 is divided by u?
24
Suppose 7*w - 610 = -421. Suppose -a = o - 0 - 9, 0 = -3*o - 5*a + 23. Calculate the remainder when w is divided by o.
5
Suppose 0 = 4*g + 3*l - 40, -2*g + 2*l = -0*l - 20. Calculate the remainder when 107 is divided by (-4 + 36/g)/((-8)/640).
11
Let s(n) = -3*n + 29. Let k(x) = 1. Let g(b) = 3*k(b) - s(b). What is the remainder when 99 is divided by g(17)?
24
Let b(t) = t**2 + 27*t - 80. Let k be b(-31). Let c = k - 32. What is the remainder when c is divided by 4?
0
Let i = -152 + 190. Calculate the remainder when i - -2 - 1/2*6 is divided by 23.
14
Let w(x) = -x**3 + 54*x**2 + 57*x - 106. Calculate the remainder when 129 is divided by w(55).
1
Suppose 10*q = -3*q + 2379. Let d = 2095 - 2046. Calculate the remainder when q is divided by d.
36
Suppose 256 = 4*r - 4*m, 12*r - 322 = 7*r + 3*m. What is the remainder when 48 is divided by (-10)/(6 + r/(-10)) + -3?
14
Let k(f) = 252*f - 499. Suppose x + 0 = -3. Calculate the remainder when 2 - x*(1 - 0) is divided by k(2).
0
Let n = -36 - -44. Let d(w) = -3*w**2 + 24*w + 4. Let m be d(n). Suppose -m*k + 27 = -1. Calculate the remainder when k is divided by 3.
1
Let o = -3910 - -5027. What is the remainder when o is divided by 86?
85
Let w = -2834 - -2866. What is the remainder when 222 is divided by w?
30
Suppose 6*l - 200*l + 26578 = 0. What is the remainder when l is divided by 45?
2
Let y be (-237)/(-6) + 2/(-4). Let f = y - 27. Let o(u) = 12*u**2 + 943*u - 20822. Calculate the remainder when o(18) is divided by f.
4
Suppose 5*v - 265 - 300 = 0. Suppose 0 = -11*f + 48*f - 185. Suppose 3 = -2*k + f*n + 84, 0 = k - 2*n - 40. What is the remainder when v is divided by k?
37
Suppose -220 = -6*r + 2*r. Suppose -3*s - 185 = -p, -3*p + 4*s = 68 - 583. Calculate the remainder when p is divided by r.
51
Suppose 0 = -o + 3*h + 247, -2*o = 3*h - 5*h - 490. Suppose 7*q = -5*u + 428 + 28, -4*q + 4*u + 240 = 0. What is the remainder when o is divided by q?
55
Suppose 0 = 28*y - 33*y + 15. What is the remainder when ((-43)/2*-6)/y is divided by 16?
11
Suppose -5934*t - 2684 = -5956*t. What is the remainder when 567 is divided by t?
79
Suppose -2*a = -4*i - 6878, -639*a + 2*i = -643*a + 13786. Calculate the remainder when a is divided by 115.
110
Let f be (5/(-5))/(-4)*40. Suppose -f*p = -20*p + 200. What is the remainder when 24 is divided by p?
4
Let j(p) = -p**3 + 38*p**2 + 6*p - 149. Let o be j(38). Let z = -28 + o. What is the remainder when z is divided by -2*(-2)/((-6)/(-9))?
3
Let h = -1191 + 1299. Calculate the remainder when h is divided by 72.
36
Suppose -180*c + 44238 = 36*c + 3*c. What is the remainder when 638 is divided by c?
32
Calculate the remainder when 195 + -184 - (-46 - 1) is divided by 50.
8
Calculate the remainder when ((-2394)/(-209) - 24)/((-1)/11) is divided by 41.
15
Let q(f) = f**2 - 11*f. Let l be q(-5). Suppose 6 - l = -2*o. Let g = 83 - o. What is the remainder when g is divided by 12?
10
Let t be ((-6 - -2) + -7)*2/(-2). Let c(a) = 7*a - 54. Calculate the remainder when 183 is divided by c(t).
22
Let b = -24 + -46. Let s = b - -462. Calculate the remainder when 77 is divided by (-32)/(-80) - (s/(-10))/2.
17
Suppose -87*k + 89*k - 148 = w, -310 = -4*k - 5*w. Calculate the remainder when 217 is divided by k.
67
What is the remainder when (4/((-8)/3))/(-2) - 713/(-4) is divided by 174?
5
What is the remainder when 351 is divided by (-14)/(-1)*(-1326)/(-204)?
78
Let w be 2/(-1*2/53) - -3. Let s = -45 - w. Suppose 0 = -2*o - 4*v + 50, 0 = 2*o - 3*o - s*v + 22. What is the remainder when o is divided by 12?
3
Suppose -3*b - 516 = -3*h, 11*h - 680 = 7*h - 4*b. What is the remainder when h is divided by 46?
33
Suppose 0 = -6*r - 0*r + 2730. What is the remainder when r is divided by (-38)/(-4)*(-4 + 6/1)?
18
Let n = 9256 - 9111. Calculate the remainder when 708 is divided by n.
128
Suppose -5*y = -15, 2*d = -3*d - y + 118. What is the remainder when d is divided by 20?
3
Suppose -26 = -4*s + 10. Suppose 3*o - 171 = -3*d, -21 + 90 = d + 4*o. Calculate the remainder when d is divided by s.
8
Let o(y) = 2*y**3 + 17*y**2 - 21*y - 2. Suppose -269*q + 27 = -272*q. Calculate the remainder when o(q) is divided by 32.
10
Suppose -56619 = -492*b - 168*b - 39*b. Calculate the remainder when b is divided by 6 - (-1 - 4/2).
0
Let q = -112 + 10. Let k = -102 - q. Suppose -25*p + 10*p + 2805 = k. Calculate the remainder when p is divided by 47.
46
Let t(z) = 20*z**2 + 8914*z - 8914. Let c(v) = -45*v + 4. What is the remainder when c(-3) is divided by t(1)?
19
Let b = -1109 - -1131. What is the remainder when 168 is divided by b?
14
Let r be (3 + 0)*4/6. Suppose 37 + 2 = 13*g. Suppose -16 = -5*v + g*q, 0*v = r*v + q - 13. Calculate the remainder when 11 is divided by v.
1
Let m = 675 - 626. Suppose -m = -7*q + 6*q. Calculate the remainder when 342 is divided by q.
48
Let q = -4460 + 4541. Calculate the remainder when 4291 is divided by q.
79
Let r = -442 - -451. What is the remainder when 50 is divided by (-282)/(-9) - -2*3/r?
18
Let q(s) = 5*s**2 - 3. Let l be (-4 - -7) + -2*(-5)/(-10). What is the remainder when 218 is divided by q(l)?
14
What is the remainder when 18381 + 17 - -6 - -1 is divided by 104?
101
Let d(j) = -2*j**3 + 17*j**2 + 4*j. Calculate the remainder when 1158 is divided by d(-3).
183
Let p = 2695 - 2628. Calculate the remainder when 320 is divided by p.
52
Let a(h) = 5*h**2 - 40*h + 39. Let p be a(1). Suppose -5*i = -g + 229, 32*g - 30*g - p*i = 458. Calculate the remainder when g is divided by 23.
22
Let d be (-10)/(-4)*2*4. Suppose q + 0*q = d. Let i = 14714 - 14658. What is the remainder when i is divided by q?
16
Let q = -21264 + 23858. What is the remainder when 7783 is divided by q?
1
Suppose 5*v = 2*d + 1499, -37*v + 39*v = 2*d + 596. Calculate the remainder when v is divided by 93.
22
Let u be (-15)/(-6)*(-9264)/60. Let n = u - -488. What is the remainder when n is divided by 56?
46
Let i(o) = o**3 + 14*o**2 + 22*o - 9. Suppose -r + 5*x + 73 = 0, 5*r - x - 351 = -34. Let s = -75 + r. Calculate the remainder when 27 is divided by i(s).
12
Let h(c) = c**2 - 8*c + 22. Let q = 19 - 13. Let j be h(q). Suppose j*t - 392 = 48. What is the remainder when t is divided by 5?
4
Suppose -161*x + 257 = -157*x - q, 2*x = 3*q + 111. Let f = 21 - 14. Calculate the remainder when x is divided by f.
3
Suppose 44*u - 92 = 42*u + 58. Calculate the remainder when 288 is divided by u.
63
Suppose -5*s + 1690 = 9*m - 14*m, -4*m + s = 1364. Let v = 408 + m. What is the remainder when 196 is divided by v?
64
Suppose 112 = 4*o - 48. Suppose -12*g + o = -8. Calculate the remainder when 41 is divided by ((-10)/8)/(-5) + 55/g.
13
Let g = 2143 - 1882. What is the remainder when g is divided by 75?
36
Suppose -5*y + 2*c + 195 - 50 = 0, 4*y - 116 = -3*c. Let k = -7 - -64. What is the remainder when k is divided by y?
28
Suppose -11*h = -8*h - 9. Let f be ((-3)/(5 + 1))/((-2)/(-48)). Calculate the remainder when (-45)/(h*4/f) is divided by 8.
5
Suppose -5*h = -x - 16, 0*x = x + h - 8. Suppose -5*u + 868 = 6*r - x*r, -5*u = -3*r - 873. What is the remainder when u is divided by 16?
14
Let b(d) = 6*d - 34. Let s be b(6). Suppose s*f - 7*f = -565. Calculate the remainder when f is divid